{"id":124,"date":"2026-01-14T11:57:57","date_gmt":"2026-01-14T10:57:57","guid":{"rendered":"https:\/\/hopen-lab.tech\/?page_id=124"},"modified":"2026-01-14T11:57:57","modified_gmt":"2026-01-14T10:57:57","slug":"les-terrains","status":"publish","type":"page","link":"https:\/\/hopen-lab.tech\/index.php\/les-terrains\/","title":{"rendered":"Les terrains"},"content":{"rendered":"\n<div class=\"wp-block-columns alignfull is-layout-flex wp-container-core-columns-is-layout-2d7698b3 wp-block-columns-is-layout-flex\" style=\"padding-right:0;padding-left:0\">\n<div class=\"wp-block-column hopen-sidebar has-white-background-color has-background is-content-justification-left is-layout-constrained wp-container-core-column-is-layout-9c08e696 wp-block-column-is-layout-constrained\" style=\"padding-top:0;padding-right:0;padding-bottom:0;padding-left:0;flex-basis:280px\">\n<div class=\"wp-block-group hopen-sidebar has-white-background-color has-background wp-container-content-9ecdb5e9 is-content-justification-left is-layout-constrained wp-container-core-group-is-layout-12dd3699 wp-block-group-is-layout-constrained\">\n<figure class=\"wp-block-image size-full is-resized\"><img data-opt-id=1666272720  fetchpriority=\"high\" decoding=\"async\" width=\"120\" height=\"120\" src=\"https:\/\/mlf6diro7pqh.i.optimole.com\/w:auto\/h:auto\/q:mauto\/f:best\/https:\/\/hopen-lab.tech\/wp-content\/uploads\/2026\/01\/picto-HOPEN-120.png\" alt=\"\" class=\"wp-image-82\" style=\"width:49px;height:auto\"\/><\/figure>\n\n\n\n<div style=\"height:49px\" aria-hidden=\"true\" class=\"wp-block-spacer\"><\/div>\n\n\n\n<p><a href=\"https:\/\/hopen-lab.tech\/\" data-type=\"page\" data-id=\"7\">Le principe<\/a><\/p>\n\n\n\n<p><a href=\"https:\/\/hopen-lab.tech\/index.php\/les-seuils\/\" data-type=\"page\" data-id=\"117\">Les seuils<\/a><\/p>\n\n\n\n<p><a href=\"https:\/\/hopen-lab.tech\/index.php\/le-fonctionnement\/\" data-type=\"page\" data-id=\"121\">Le fonctionnement<\/a><\/p>\n\n\n\n<p class=\"has-palette-color-4-color has-text-color has-link-color wp-elements-fa510eac469bb0f229dd2e7f5244eaf3\"><mark style=\"background-color:rgba(0, 0, 0, 0)\" class=\"has-inline-color has-palette-color-5-color\">\u25c9<\/mark> <strong>Les terrains<\/strong><\/p>\n\n\n\n<div style=\"height:100px\" aria-hidden=\"true\" class=\"wp-block-spacer\"><\/div>\n\n\n\n<hr class=\"wp-block-separator has-alpha-channel-opacity is-style-wide\"\/>\n\n\n\n<div style=\"height:100px\" aria-hidden=\"true\" class=\"wp-block-spacer\"><\/div>\n\n\n\n<p class=\"has-palette-color-2-color has-text-color has-link-color has-small-font-size wp-elements-10f27c1c44f16abce64aa9a9e9795032\" style=\"margin-top:0;margin-bottom:0\">H\u00d8PEN \u00a9 2026<\/p>\n\n\n\n<p class=\"has-palette-color-2-color has-text-color has-link-color has-small-font-size wp-elements-9ac6523b917f1947b229609daa488512\" style=\"margin-top:0;margin-bottom:0\">mentions l\u00e9gales<\/p>\n\n\n\n<p class=\"has-palette-color-2-color has-text-color has-link-color has-small-font-size wp-elements-0eda1e0b66b97f02f0132b731caa7a67\" style=\"margin-top:0;margin-bottom:0;text-decoration:none\"><a href=\"mailto:hello@hopen.studio\">contact<\/a><\/p>\n\n\n\n<p class=\"has-link-color has-small-font-size wp-elements-e70fc0b5d0ad19817c3f3630ad0fc011\" style=\"margin-top:0;margin-bottom:0\"><a href=\"https:\/\/www.linkedin.com\/in\/nsalhi\/\" data-type=\"link\" data-id=\"https:\/\/www.linkedin.com\/in\/nsalhi\/\">linkedIn<\/a><\/p>\n<\/div>\n<\/div>\n\n\n\n<div class=\"wp-block-column hopen-content is-layout-constrained wp-container-core-column-is-layout-bdbfdc43 wp-block-column-is-layout-constrained\" style=\"flex-basis:75%\">\n<div class=\"wp-block-group is-layout-constrained wp-container-core-group-is-layout-ee4a3eba wp-block-group-is-layout-constrained\">\n<div style=\"height:77px\" aria-hidden=\"true\" class=\"wp-block-spacer\"><\/div>\n\n\n\n<h1 class=\"wp-block-heading has-palette-color-4-color has-text-color has-link-color wp-elements-ba4ad4b8b15385fde70655f83d8f2cb6\" style=\"margin-bottom:var(--wp--preset--spacing--60)\">Les terrains<\/h1>\n\n\n\n<p>H\u00d8PEN n\u2019est pas une m\u00e9thode \u201cde plus\u201d.<\/p>\n\n\n\n<p>C\u2019est une grammaire qui peut \u00eatre utilis\u00e9e dans diff\u00e9rents cadres, d\u00e8s qu\u2019un syst\u00e8me doit\u00a0penser et agir face \u00e0 une situation complexe.<\/p>\n\n\n\n<p>Aujourd\u2019hui, H\u00d8PEN est utilis\u00e9 pour :<\/p>\n\n\n\n<h3 class=\"wp-block-heading\" style=\"margin-top:var(--wp--preset--spacing--50);margin-bottom:var(--wp--preset--spacing--30)\"><strong>1. Lire une organisation en situation<\/strong><\/h3>\n\n\n\n<p>Quand une entreprise, un collectif ou une direction fait face \u00e0 un seuil \u2014 IA, RSE, gouvernance, r\u00e9organisation, tensions manag\u00e9riales \u2014 H\u00d8PEN permet de produire un\u00a0diagnostic syst\u00e9mique\u00a0: une \u00e9criture claire de ce qui se joue r\u00e9ellement dans le syst\u00e8me.<\/p>\n\n\n\n<p>Ce diagnostic n\u2019est pas un audit. C\u2019est une\u00a0formulation op\u00e9rable du r\u00e9el.<\/p>\n\n\n\n<h3 class=\"wp-block-heading\" style=\"margin-top:var(--wp--preset--spacing--50);margin-bottom:var(--wp--preset--spacing--30)\"><strong>2. Concevoir des parcours de formation<\/strong><\/h3>\n\n\n\n<p>\u00c0 partir de cette \u00e9criture du syst\u00e8me, H\u00d8PEN permet de concevoir :<\/p>\n\n\n\n<ul class=\"wp-block-list\">\n<li>des parcours de formation,<\/li>\n\n\n\n<li>des dispositifs p\u00e9dagogiques,<\/li>\n\n\n\n<li>des trajectoires de mont\u00e9e en comp\u00e9tences,<\/li>\n<\/ul>\n\n\n\n<p>non pas \u201csur catalogue\u201d, mais\u00a0directement ancr\u00e9s dans la situation r\u00e9elle de l\u2019organisation.<\/p>\n\n\n\n<p>La formation devient alors un\u00a0outil de d\u00e9placement du syst\u00e8me, pas un simple transfert de savoirs.<\/p>\n\n\n\n<h3 class=\"wp-block-heading\" style=\"margin-top:var(--wp--preset--spacing--50);margin-bottom:var(--wp--preset--spacing--30)\"><strong>3. Structurer des d\u00e9cisions et des strat\u00e9gies<\/strong><\/h3>\n\n\n\n<p>H\u00d8PEN peut aussi \u00eatre utilis\u00e9 pour :<\/p>\n\n\n\n<ul class=\"wp-block-list\">\n<li>\u00e9clairer une d\u00e9cision difficile,<\/li>\n\n\n\n<li>structurer une strat\u00e9gie,<\/li>\n\n\n\n<li>arbitrer entre plusieurs options,<\/li>\n\n\n\n<li>ou clarifier une trajectoire.<\/li>\n<\/ul>\n\n\n\n<p>La grammaire permet de passer de l\u2019intuition, des tensions et des signaux faibles \u00e0 une\u00a0d\u00e9cision \u00e9crite, partageable et actionnable.<\/p>\n\n\n\n<h3 class=\"wp-block-heading\" style=\"margin-top:var(--wp--preset--spacing--40);margin-bottom:var(--wp--preset--spacing--30)\"><strong>4. Produire des outils : la H\u00d8PBOX<\/strong><\/h3>\n\n\n\n<p>H\u00d8PEN donne naissance \u00e0 des objets concrets :<\/p>\n\n\n\n<p>propales, notes strat\u00e9giques, plans de transformation, architectures de formation\u2026<\/p>\n\n\n\n<p>Ces livrables sont con\u00e7us avec la grammaire H\u00d8PEN, ce qui garantit leur coh\u00e9rence syst\u00e9mique.<\/p>\n\n\n\n<p>C\u2019est ce que nous appelons\u00a0H\u00d8PBOX.<\/p>\n\n\n\n<h3 class=\"wp-block-heading\" style=\"margin-top:var(--wp--preset--spacing--50);margin-bottom:var(--wp--preset--spacing--30)\"><strong>5. Et demain<\/strong><\/h3>\n\n\n\n<p>H\u00d8PEN est aussi pens\u00e9 pour \u00eatre d\u00e9ploy\u00e9 sous forme d\u2019outils num\u00e9riques et de SaaS, capables d\u2019embarquer cette grammaire dans des environnements plus larges.<\/p>\n<\/div>\n<\/div>\n<\/div>\n","protected":false},"excerpt":{"rendered":"<p>Le principe Les seuils Le fonctionnement \u25c9 Les terrains H\u00d8PEN \u00a9 2026 mentions l\u00e9gales contact linkedIn Les terrains H\u00d8PEN n\u2019est pas une m\u00e9thode \u201cde plus\u201d. C\u2019est une grammaire qui peut \u00eatre utilis\u00e9e dans diff\u00e9rents cadres, d\u00e8s qu\u2019un syst\u00e8me doit\u00a0penser et agir face \u00e0 une situation complexe. Aujourd\u2019hui, H\u00d8PEN est utilis\u00e9 pour : 1. Lire une [&hellip;]<\/p>\n","protected":false},"author":1,"featured_media":0,"parent":0,"menu_order":0,"comment_status":"closed","ping_status":"closed","template":"","meta":{"footnotes":""},"class_list":["post-124","page","type-page","status-publish","hentry"],"blocksy_meta":{"has_hero_section":"disabled","styles_descriptor":{"styles":{"desktop":"","tablet":"","mobile":""},"google_fonts":[],"version":6},"page_structure_type":"default","disable_header":"yes","disable_footer":"yes"},"_links":{"self":[{"href":"https:\/\/hopen-lab.tech\/index.php\/wp-json\/wp\/v2\/pages\/124","targetHints":{"allow":["GET"]}}],"collection":[{"href":"https:\/\/hopen-lab.tech\/index.php\/wp-json\/wp\/v2\/pages"}],"about":[{"href":"https:\/\/hopen-lab.tech\/index.php\/wp-json\/wp\/v2\/types\/page"}],"author":[{"embeddable":true,"href":"https:\/\/hopen-lab.tech\/index.php\/wp-json\/wp\/v2\/users\/1"}],"replies":[{"embeddable":true,"href":"https:\/\/hopen-lab.tech\/index.php\/wp-json\/wp\/v2\/comments?post=124"}],"version-history":[{"count":1,"href":"https:\/\/hopen-lab.tech\/index.php\/wp-json\/wp\/v2\/pages\/124\/revisions"}],"predecessor-version":[{"id":125,"href":"https:\/\/hopen-lab.tech\/index.php\/wp-json\/wp\/v2\/pages\/124\/revisions\/125"}],"wp:attachment":[{"href":"https:\/\/hopen-lab.tech\/index.php\/wp-json\/wp\/v2\/media?parent=124"}],"curies":[{"name":"wp","href":"https:\/\/api.w.org\/{rel}","templated":true}]}}