{"id":7,"date":"2026-01-11T20:52:52","date_gmt":"2026-01-11T19:52:52","guid":{"rendered":"https:\/\/hopen-lab.tech\/?page_id=7"},"modified":"2026-01-15T20:29:40","modified_gmt":"2026-01-15T19:29:40","slug":"accueil","status":"publish","type":"page","link":"https:\/\/hopen-lab.tech\/","title":{"rendered":"Accueil"},"content":{"rendered":"\n<div class=\"wp-block-columns alignfull is-layout-flex wp-container-core-columns-is-layout-2d7698b3 wp-block-columns-is-layout-flex\" style=\"padding-right:0;padding-left:0\">\n<div class=\"wp-block-column hopen-sidebar has-white-background-color has-background is-content-justification-left is-layout-constrained wp-container-core-column-is-layout-9c08e696 wp-block-column-is-layout-constrained\" style=\"padding-top:0;padding-right:0;padding-bottom:0;padding-left:0;flex-basis:280px\">\n<div class=\"wp-block-group hopen-sidebar has-white-background-color has-background wp-container-content-9ecdb5e9 is-content-justification-left is-layout-constrained wp-container-core-group-is-layout-12dd3699 wp-block-group-is-layout-constrained\">\n<figure class=\"wp-block-image size-full is-resized\"><img data-opt-id=1666272720  fetchpriority=\"high\" decoding=\"async\" width=\"120\" height=\"120\" src=\"https:\/\/mlf6diro7pqh.i.optimole.com\/w:auto\/h:auto\/q:mauto\/f:best\/https:\/\/hopen-lab.tech\/wp-content\/uploads\/2026\/01\/picto-HOPEN-120.png\" alt=\"\" class=\"wp-image-82\" style=\"width:49px;height:auto\"\/><\/figure>\n\n\n\n<div style=\"height:49px\" aria-hidden=\"true\" class=\"wp-block-spacer\"><\/div>\n\n\n\n<p class=\"has-palette-color-4-color has-text-color has-link-color wp-elements-3b52ddd19a2c7a2af13a87e4c9fead33\"><mark style=\"background-color:rgba(0, 0, 0, 0)\" class=\"has-inline-color has-palette-color-5-color\">\u25c9<\/mark> <strong>Le principe<\/strong><\/p>\n\n\n\n<p><a href=\"https:\/\/hopen-lab.tech\/index.php\/les-seuils\/\" data-type=\"page\" data-id=\"117\">Les seuils<\/a><\/p>\n\n\n\n<p><a href=\"https:\/\/hopen-lab.tech\/index.php\/le-fonctionnement\/\" data-type=\"page\" data-id=\"121\">Le fonctionnement<\/a><\/p>\n\n\n\n<p><a href=\"https:\/\/hopen-lab.tech\/index.php\/les-terrains\/\" data-type=\"page\" data-id=\"124\">Les terrains<\/a><\/p>\n\n\n\n<div style=\"height:100px\" aria-hidden=\"true\" class=\"wp-block-spacer\"><\/div>\n\n\n\n<hr class=\"wp-block-separator has-alpha-channel-opacity is-style-wide\"\/>\n\n\n\n<div style=\"height:100px\" aria-hidden=\"true\" class=\"wp-block-spacer\"><\/div>\n\n\n\n<p class=\"has-palette-color-2-color has-text-color has-link-color has-small-font-size wp-elements-10f27c1c44f16abce64aa9a9e9795032\" style=\"margin-top:0;margin-bottom:0\">H\u00d8PEN \u00a9 2026<\/p>\n\n\n\n<p class=\"has-palette-color-2-color has-text-color has-link-color has-small-font-size wp-elements-9ac6523b917f1947b229609daa488512\" style=\"margin-top:0;margin-bottom:0\">mentions l\u00e9gales<\/p>\n\n\n\n<p class=\"has-palette-color-2-color has-text-color has-link-color has-small-font-size wp-elements-0eda1e0b66b97f02f0132b731caa7a67\" style=\"margin-top:0;margin-bottom:0;text-decoration:none\"><a href=\"mailto:hello@hopen.studio\">contact<\/a><\/p>\n\n\n\n<p class=\"has-link-color has-small-font-size wp-elements-e70fc0b5d0ad19817c3f3630ad0fc011\" style=\"margin-top:0;margin-bottom:0\"><a href=\"https:\/\/www.linkedin.com\/in\/nsalhi\/\" data-type=\"link\" data-id=\"https:\/\/www.linkedin.com\/in\/nsalhi\/\">linkedIn<\/a><\/p>\n<\/div>\n<\/div>\n\n\n\n<div class=\"wp-block-column hopen-content is-layout-constrained wp-container-core-column-is-layout-bdbfdc43 wp-block-column-is-layout-constrained\" style=\"flex-basis:75%\">\n<div class=\"wp-block-group is-layout-constrained wp-container-core-group-is-layout-ee4a3eba wp-block-group-is-layout-constrained\">\n<div style=\"height:77px\" aria-hidden=\"true\" class=\"wp-block-spacer\"><\/div>\n\n\n\n<h1 class=\"wp-block-heading has-palette-color-4-color has-text-color has-link-color wp-elements-c7c31f1f16bab3359938b4f045732a20\" style=\"margin-bottom:var(--wp--preset--spacing--60)\">Le principe<\/h1>\n\n\n\n<p>H\u00d8PEN est une grammaire pour travailler des situations complexes.<\/p>\n\n\n\n<p>Une grammaire, c\u2019est un ensemble de principes et de r\u00e8gles qui permettent de&nbsp;produire du sens \u00e0 partir de ce qui est l\u00e0.<\/p>\n\n\n\n<p>H\u00d8PEN n\u2019est pas une m\u00e9thode d\u2019accompagnement. H\u00d8PEN est&nbsp;un langage&nbsp;qui permet&nbsp;d\u2019\u00e9crire ce qui se passe r\u00e9ellement dans un syst\u00e8me.<\/p>\n\n\n\n<h3 class=\"wp-block-heading\" style=\"margin-top:var(--wp--preset--spacing--50);margin-bottom:var(--wp--preset--spacing--40)\">Ce que fait H\u00d8PEN<\/h3>\n\n\n\n<p>H\u00d8PEN transforme ce que les acteurs vivent, disent et font en&nbsp;une \u00e9criture du syst\u00e8me.<\/p>\n\n\n\n<p>Les perceptions, les r\u00f4les, les postures, les outils et les enjeux sont recueillis\u00a0dans un dispositif collectif structur\u00e9, puis trait\u00e9s par la grammaire H\u00d8PEN pour produire\u00a0une formulation claire de ce qui est r\u00e9ellement en train de se jouer.<\/p>\n\n\n\n<h3 class=\"wp-block-heading\" style=\"margin-top:var(--wp--preset--spacing--50);margin-bottom:var(--wp--preset--spacing--40)\">\u00c0 quoi \u00e7a sert<\/h3>\n\n\n\n<p>H\u00d8PEN permet de r\u00e9pondre \u00e0 des questions tr\u00e8s concr\u00e8tes :<\/p>\n\n\n\n<ul class=\"wp-block-list\">\n<li>Pourquoi notre organisation bloque-t-elle sur ce sujet pr\u00e9cis ?<\/li>\n\n\n\n<li>Qu\u2019est-ce qui se joue r\u00e9ellement dans cette transformation ?<\/li>\n\n\n\n<li>O\u00f9 sont nos points d\u2019appui ?<\/li>\n\n\n\n<li>Qu\u2019est-ce que nous pouvons faire, ensemble, maintenant ?<\/li>\n<\/ul>\n\n\n\n<p>Plut\u00f4t que d\u2019analyser les individus, H\u00d8PEN travaille au niveau du syst\u00e8me : les r\u00f4les, les postures, les r\u00e8gles, les outils, les tensions, les enjeux.<\/p>\n\n\n\n<h3 class=\"wp-block-heading\" style=\"margin-top:var(--wp--preset--spacing--50);margin-bottom:var(--wp--preset--spacing--40)\"><strong>Ce que produit la grammaire<\/strong><\/h3>\n\n\n\n<p>La grammaire H\u00d8PEN&nbsp;produit une \u00e9criture du syst\u00e8me&nbsp;qui prend la forme :<\/p>\n\n\n\n<ul class=\"wp-block-list\">\n<li>d\u2019un diagnostic, <\/li>\n\n\n\n<li>d\u2019une strat\u00e9gie, <\/li>\n\n\n\n<li>d\u2019un parcours, <\/li>\n\n\n\n<li>ou d\u2019une d\u00e9cision.<\/li>\n<\/ul>\n\n\n\n<p>Ce n\u2019est pas une interpr\u00e9tation. <br>C\u2019est&nbsp;<strong>une formulation op\u00e9rable du r\u00e9el<\/strong>.<\/p>\n<\/div>\n<\/div>\n<\/div>\n","protected":false},"excerpt":{"rendered":"<p>\u25c9 Le principe Les seuils Le fonctionnement Les terrains H\u00d8PEN \u00a9 2026 mentions l\u00e9gales contact linkedIn Le principe H\u00d8PEN est une grammaire pour travailler des situations complexes. Une grammaire, c\u2019est un ensemble de principes et de r\u00e8gles qui permettent de&nbsp;produire du sens \u00e0 partir de ce qui est l\u00e0. H\u00d8PEN n\u2019est pas une m\u00e9thode d\u2019accompagnement. [&hellip;]<\/p>\n","protected":false},"author":1,"featured_media":0,"parent":0,"menu_order":0,"comment_status":"closed","ping_status":"closed","template":"","meta":{"footnotes":""},"class_list":["post-7","page","type-page","status-publish","hentry"],"blocksy_meta":{"has_hero_section":"disabled","styles_descriptor":{"styles":{"desktop":"","tablet":"","mobile":""},"google_fonts":[],"version":6},"page_structure_type":"default","disable_header":"yes","disable_footer":"yes"},"_links":{"self":[{"href":"https:\/\/hopen-lab.tech\/index.php\/wp-json\/wp\/v2\/pages\/7","targetHints":{"allow":["GET"]}}],"collection":[{"href":"https:\/\/hopen-lab.tech\/index.php\/wp-json\/wp\/v2\/pages"}],"about":[{"href":"https:\/\/hopen-lab.tech\/index.php\/wp-json\/wp\/v2\/types\/page"}],"author":[{"embeddable":true,"href":"https:\/\/hopen-lab.tech\/index.php\/wp-json\/wp\/v2\/users\/1"}],"replies":[{"embeddable":true,"href":"https:\/\/hopen-lab.tech\/index.php\/wp-json\/wp\/v2\/comments?post=7"}],"version-history":[{"count":66,"href":"https:\/\/hopen-lab.tech\/index.php\/wp-json\/wp\/v2\/pages\/7\/revisions"}],"predecessor-version":[{"id":131,"href":"https:\/\/hopen-lab.tech\/index.php\/wp-json\/wp\/v2\/pages\/7\/revisions\/131"}],"wp:attachment":[{"href":"https:\/\/hopen-lab.tech\/index.php\/wp-json\/wp\/v2\/media?parent=7"}],"curies":[{"name":"wp","href":"https:\/\/api.w.org\/{rel}","templated":true}]}}